atest common divisor of d and v?
17
Suppose 0 = q + 4*q + 185. Let i be (39/13)/((-6)/(-4)). Let h be i/(-4)*-4 - q. Calculate the highest common factor of 26 and h.
13
Let k be -3*1*(-12)/9. Let v(x) = x - 11. Let f be v(6). Let n(o) = o**3 + 5*o**2 - o - 1. Let d be n(f). What is the greatest common factor of d and k?
4
Suppose -a - 452 = -1037. What is the greatest common factor of 45 and a?
45
Let d be ((-18)/(-7))/((-3)/21). Let k = 22 + d. Suppose -c - k*c - 2*r + 100 = 0, 5*c - 4*r - 100 = 0. Calculate the highest common factor of 100 and c.
20
Let n(w) = 66*w**3 - w**2 + w + 1. Let d be n(1). Let v = -59 + d. Let j(b) = 4*b. Let y be j(5). What is the greatest common factor of v and y?
4
Let l = 389 - 229. Let i be (24/l*5)/((-2)/(-56)). What is the highest common divisor of 6 and i?
3
Let l be (-60)/50*(-280)/6. Calculate the highest common factor of l and 16.
8
Let z(b) = -b**2 + 6*b - 72. Let u be z(0). Let f = -60 - u. What is the greatest common factor of 96 and f?
12
Let x = -96 - -107. Let y be 11*(6 - (0 - 4)). Calculate the greatest common divisor of y and x.
11
Let o(l) = -l + 617. Let q be o(-46). Calculate the greatest common factor of q and 52.
13
Let x = 128 + -85. Calculate the highest common divisor of 1376 and x.
43
Let g be (-784)/(-24) + 2 + 2/6. Let o = -3 - -10. What is the greatest common divisor of o and g?
7
Suppose -q = -10*z + 15*z - 25, -q + 4*z + 16 = 0. Calculate the highest common factor of 5 and q.
5
Let n(w) = 19*w**2 + 11*w - 16. Let b be n(-4). Calculate the highest common divisor of 183 and b.
61
Let t = 8 + -8. Suppose 3*m + 0*s = 5*s + 503, t = -m - s + 181. Suppose 24 + 8 = 2*o. Calculate the greatest common factor of o and m.
16
Let i be 6 + (1*2 - 183/(-61)). Calculate the highest common divisor of i and 473.
11
Suppose 5*t - 45 = -5*z, -2*t - 3*t = z - 53. Let m be -1 + (t - 3) - 0. Suppose 17 = 8*p - m*p. What is the highest common factor of p and 170?
17
Let q(d) be the first derivative of d**4/2 - 4*d**3/3 - 2*d - 8. Let u be q(4). Let k be (124/(-8))/(3/(-30)). Calculate the greatest common factor of u and k.
31
Suppose -3*i - 1 + 3 = z, 0 = -4*z - 4*i + 48. What is the greatest common divisor of 17 and z?
17
Suppose 3*b - 23*j - 59 = -18*j, -j + 61 = 5*b. What is the greatest common factor of b and 39?
13
Let c(v) = -115*v + 22. Let z be c(-2). What is the highest common factor of z and 180?
36
Suppose -4*g + 5*g - i - 30 = 0, -2*g - 3*i = -70. Let q(k) = -258*k - 2. Let p be q(-1). What is the greatest common factor of g and p?
32
Suppose 0 = 5*o + 4*u - 36, 0*o + 2*o + u - 12 = 0. Suppose -o + 16 = 4*r. Let b be (-2 - -2)/(-2) - -33. What is the highest common factor of r and b?
3
Let q = -25 + 29. Let p be (6/q)/(4/8). Calculate the greatest common divisor of p and 24.
3
Suppose -2*x + 3*j + 1794 = 0, j + 3*j = -3*x + 2691. What is the highest common divisor of x and 69?
69
Let z = 24 + -12. Let b be 159/(-159)*-8*6. Calculate the greatest common divisor of b and z.
12
Suppose 4*b - 664 = -5*z, 4*b = -3*z + 2*z + 120. Calculate the highest common factor of 32 and z.
8
Suppose 6*v - 40 = v. Suppose 3*c + 96 = 2*c + 2*y, -284 = 3*c - 5*y. Let j be c/(-6) + v/24. What is the greatest common factor of 15 and j?
15
Suppose 5*f - 100 = -5*d, -87*d + 86*d = 4*f - 86. What is the highest common factor of 594 and f?
22
Let f(z) = 7*z**3 - 6*z**3 - z - 5*z**2 - 21 + z**3. Let u be f(5). Suppose 2*s + 2*o - 14 = 0, o + 20 = -4*o. Calculate the highest common factor of s and u.
11
Suppose -4*i - w = 3*w - 104, i = 3*w + 22. Let h = -16 + i. Let r(s) = 3*s**2 + 4*s + 3. Let x be r(-3). Calculate the highest common factor of h and x.
9
Let i(r) = -9*r + 350. Let d be i(0). What is the greatest common divisor of 14 and d?
14
Suppose 0 = 5*g - 20, 0 = -4*o - 3*g + 389 + 3. Calculate the highest common divisor of 57 and o.
19
Suppose -5*y = -z - 0*y - 379, y = 5*z + 1967. Let u be z/(-10) + (-12)/30. Calculate the highest common factor of u and 13.
13
Let j(v) = -339*v**3 + 10*v + 10. Let a be j(-1). Calculate the highest common divisor of 3 and a.
3
Suppose -2*z + 4 = -3*r + 6, 0 = 4*r - 5*z + 9. Suppose 0 = r*n - 6*b + 3*b - 35, 0 = 2*n - 2*b - 20. Calculate the highest common factor of 5 and n.
5
Let g(p) be the third derivative of 5*p**4/2 + 9*p**2. Let o be g(3). What is the highest common divisor of 20 and o?
20
Let t be (-72)/(-60)*10/4. Suppose x - d + 36 = 5*x, t*x - 27 = -d. Calculate the highest common factor of x and 45.
9
Let n be (16/4 + -2)/(3/126). Suppose -2*t + f + 28 = -3*f, -4*t + 5*f = -53. What is the highest common factor of t and n?
12
Let o(u) = 2*u**2 + 5*u - 33. Let f be o(-7). Let i be (-6)/3 + (0 - -12). Calculate the greatest common divisor of i and f.
10
Let u be 1020/136*(-8)/(-5). What is the greatest common divisor of u and 588?
12
Let d(v) = v**3 + 16*v**2 - 18*v - 10. Let h be d(-17). Let j be h*(0 + (-40)/(-28)). What is the highest common divisor of j and 4?
2
Let d be 87/(-27) + (-2)/(-9). Let t be 1/(d + (-76)/(-25)). Suppose 3*b - 387 = 4*v, -2*b - 3*v + 116 = -b. Calculate the greatest common divisor of t and b.
25
Let f be ((-8)/7)/(-2) + (-2140)/70. Let r = f - -54. Calculate the greatest common divisor of 18 and r.
6
Suppose -19*n = -8*n - 88. Let s = -26 - -9. Let l = 25 + s. Calculate the highest common factor of n and l.
8
Let y(k) = -3*k**2 - 2*k - 2. Let m be y(-1). Let v be (-330)/20*2/m. Calculate the greatest common divisor of v and 44.
11
Let l(r) = -2*r**3 + 4 + 4*r**3 - 3*r + 3*r**2 - r**3. Let n be l(-4). Let a = n + 5. What is the highest common divisor of a and 5?
5
Let u(q) = q**2 - 12*q - 33. Let y be u(-16). Let w = 709 - y. Calculate the highest common divisor of w and 49.
49
Let r be 11 + (12 + 3)/5. Suppose -8*c = -7*c - 7. What is the highest common factor of c and r?
7
Let s be 1/(-6) + (-5642)/(-84). Suppose 0 = 5*w + 18 + s. Let a = w - -22. Calculate the highest common factor of 10 and a.
5
Suppose 0*z + 3*z - 45 = 0. Suppose 444 + 11 = 4*g - 5*v, 3*v = 4*g - 441. What is the highest common divisor of z and g?
15
Suppose -3*u + a = -211, -8*u - a + 65 = -7*u. What is the highest common divisor of u and 12?
3
Let j(h) = h**2 - 12*h + 32. Let o be j(5). Let w be (-30)/35*(-4 + o). Calculate the highest common divisor of 6 and w.
6
Let l be 1/(2 - (4 - (-19)/(-9))). What is the highest common divisor of 81 and l?
9
Let r be 6/(-3 - 45/(-10)). Suppose r*h + 2*v + 6 = 7*v, -v = -2*h. Let p be 1 + 40 + -4 - h. Calculate the greatest common divisor of p and 36.
36
Suppose -5*k + 1530 = 29*k. What is the greatest common divisor of 36 and k?
9
Suppose -5*y = -2*d - 3*d + 45, 3*y - 25 = -d. Let w = d - 2. Let k = 54 + -10. What is the highest common divisor of k and w?
11
Suppose 4*t = 2*o - 12, 5*o = t + 7 - 22. Let l = 5 + o. Let k(j) = -3*j - 54. Let v be k(-21). Calculate the greatest common divisor of l and v.
1
Suppose -j + 95 = -0*j. Let h = j - 67. Suppose h = -7*o + 9*o. Calculate the highest common divisor of o and 7.
7
Let p = -152 - -160. Calculate the greatest common divisor of 5 and p.
1
Let c(j) = -j**3 - 6*j**2 - 5*j - 12. Let a be c(-6). Let n = -53 + 76. Let d = n - 14. What is the highest common factor of a and d?
9
Let r be (-80)/24*(-9)/6. Suppose 2*d - d - 5*n = 2, 3*n = -r*d + 10. Suppose 40 - 172 = -d*q. Calculate the greatest common divisor of 6 and q.
6
Let s be (-1)/18*-6*36. Calculate the greatest common divisor of 210 and s.
6
Let u(k) = -5*k + 125. Let i be u(19). What is the highest common factor of 2010 and i?
30
Let t(r) = r**3 + 29*r**2 + 41*r - 231. Let s be t(-27). Calculate the highest common factor of 390 and s.
30
Let f = -137 + 143. What is the highest common factor of 60 and f?
6
Let c(m) = -m**3 + 11*m**2 - 11*m - 12. Let a be c(10). Let p = a - -24. What is the greatest common divisor of 22 and p?
2
Suppose 3*q - 108 = -15*q. Suppose -5*r + 610 = 5*a, 5*a - 761 = r - 127. Suppose a = 2*o + o. What is the greatest common factor of o and q?
6
Let h be 158/6 - (-10)/15. Let w(x) = x**3 + 4*x**2 - 2*x - 3. Let b be w(3). Suppose -3*f + b = 3*f. Calculate the greatest common factor of f and h.
9
Let q be (1/(-2))/((-1)/14). Let t = 1515 + -1508. Calculate the greatest common factor of q and t.
7
Let y(k